2?
132323
In base 6, what is -2455 + -5544?
-12443
In base 16, what is -d - 1ce3e?
-1ce4b
In base 12, what is -1a596aa - -1?
-1a596a9
In base 5, what is -1 + -101343141?
-101343142
In base 10, what is 20 - 350?
-330
In base 6, what is 104 - 34410?
-34302
In base 2, what is -100101000 - 100001010?
-1000110010
In base 4, what is -3013103 - 3?
-3013112
In base 8, what is 531 - 120?
411
In base 9, what is 11 + -3412?
-3401
In base 5, what is 1040442331 - -1?
1040442332
In base 14, what is 36a6 + -77?
362d
In base 3, what is 1011 + 2222?
11010
In base 3, what is -111121 - 101112?
-220010
In base 2, what is 110011000 - -1110?
110100110
In base 13, what is 101 - -c?
110
In base 11, what is 0 + 7575a?
7575a
In base 6, what is 50 + -1451?
-1401
In base 4, what is -2330011112 - 11?
-2330011123
In base 8, what is -444271 - 25?
-444316
In base 12, what is -3 - -38a93?
38a90
In base 16, what is 198b0e - 4?
198b0a
In base 5, what is -11442 - -132?
-11310
In base 2, what is -111111110 + 111111110010?
110111110100
In base 6, what is -12 + -4110300?
-4110312
In base 8, what is 65066 + 2?
65070
In base 5, what is 32244010 + 1?
32244011
In base 7, what is -11 - -5102?
5061
In base 3, what is -1110020 - -120001?
-220012
In base 2, what is 11101 + -10010?
1011
In base 2, what is 1101 - 1001110000?
-1001100011
In base 4, what is -1002100013 + 11?
-1002100002
In base 6, what is -10 - 22405?
-22415
In base 6, what is 2 - -22150152?
22150154
In base 15, what is 148 + -647?
-4ee
In base 6, what is -5 - 22230?
-22235
In base 9, what is 0 + 48540?
48540
In base 9, what is 2 + 16304?
16306
In base 9, what is -30 - -10125?
10085
In base 9, what is -7658 - -3?
-7655
In base 8, what is 615164 + 1?
615165
In base 13, what is b8 + -96?
22
In base 5, what is 4110200 - -10?
4110210
In base 9, what is 148 + -253?
-104
In base 5, what is 1 - 114023?
-114022
In base 2, what is 10100 - -1100010?
1110110
In base 7, what is 4 + 143131?
143135
In base 15, what is 2 + -45d7?
-45d5
In base 9, what is -1177 - 476?
-1664
In base 9, what is -4 - -2728?
2724
In base 13, what is -c873 + -15?
-c888
In base 14, what is -1 + 922d7?
922d6
In base 7, what is -2 - -14054?
14052
In base 12, what is -22024 + -2?
-22026
In base 8, what is 270665 - 1?
270664
In base 14, what is 1a7a7 + -4?
1a7a3
In base 2, what is 1101 + 100001110001?
100001111110
In base 8, what is 20251575 + -5?
20251570
In base 9, what is 561563 - -2?
561565
In base 2, what is 1000111110110111010 - -11?
1000111110110111101
In base 8, what is 50443 + -1?
50442
In base 16, what is 3b9 - 15?
3a4
In base 5, what is 12144 - -332?
13031
In base 13, what is 18 - -27ccc?
28017
In base 14, what is 539 + -1d?
51a
In base 9, what is 24821 + -2?
24818
In base 3, what is 2122000221 - 0?
2122000221
In base 14, what is 3776 - -1?
3777
In base 16, what is -93 + -56?
-e9
In base 6, what is -11042 - -3252?
-3350
In base 12, what is 3b4 + -6a?
346
In base 9, what is -72736 - 0?
-72736
In base 6, what is -3 + -1250003?
-1250010
In base 2, what is 10000100100011111100 - 11?
10000100100011111001
In base 3, what is 12 - -11200111021?
11200111110
In base 13, what is 0 - bc438?
-bc438
In base 7, what is -2 - -3422035?
3422033
In base 2, what is -10 + -1010101000001110011?
-1010101000001110101
In base 8, what is 12 + -2000?
-1766
In base 10, what is 17 + -5554?
-5537
In base 8, what is 0 - 5227410?
-5227410
In base 15, what is 7c2a - -1?
7c2b
In base 10, what is 213645 - 4?
213641
In base 12, what is -211 + 580?
36b
In base 16, what is 8918 + -b?
890d
In base 4, what is 21 - -3233313?
3300000
In base 13, what is -4 + -8128?
-812c
In base 12, what is ba53 - 213?
b840
In base 11, what is 2179 - 30?
2149
In base 5, what is -112 + 13223?
13111
In base 14, what is 3 + 49602?
49605
In base 3, what is 11221 - -202001?
220222
In base 2, what is 0 - 1000110010100010?
-1000110010100010
In base 10, what is 880 - -3?
883
In base 4, what is 3 - 30113033?
-30113030
In base 13, what is -330 + 49?
-2b4
In base 3, what is 101 - -1100202020?
1100202121
In base 16, what is -15efa - 0?
-15efa
In base 5, what is 0 + 1120122?
1120122
In base 5, what is 3132 + -4012?
-330
In base 13, what is 799 - -1691?
215a
In base 2, what is 110111000 + -1100000?
101011000
In base 15, what is -98 + 11eb?
1153
In base 14, what is 2226 + 132?
2358
In base 15, what is 0 + -8328?
-8328
In base 13, what is -5 - -18c52?
18c4a
In base 9, what is 85031 - -63?
85104
In base 3, what is -1110 + 22100200?
22022020
In base 10, what is 917 + -182?
735
In base 9, what is -218725 + -4?
-218730
In base 14, what is 2 - 816a?
-8168
In base 10, what is -6 + -25682?
-25688
In base 6, what is -312352132 - 0?
-312352132
In base 4, what is 1232210 - -11?
1232221
In base 15, what is -2074 + 5?
-206e
In base 4, what is 2030202 - -213?
2031021
In base 10, what is -55 + 56?
1
In base 13, what is -1 - -15b5b?
15b5a
In base 15, what is -a - 1ede?
-1ee9
In base 12, what is -12560 + 14a?
-12412
In base 3, what is 2 - 102011001?
-102010222
In base 9, what is -10624 + -33?
-10657
In base 3, what is 211020 + 110?
211200
In base 11, what is 254 - -1322?
1576
In base 3, what is 21001220100 - 2?
21001220021
In base 16, what is 0 - -47d29?
47d29
In base 5, what is 1011 - 40103?
-34042
In base 12, what is -8 - 180b?
-1817
In base 8, what is 6362 + -271?
6071
In base 16, what is 65 + 66ed?
6752
In base 8, what is -7 - -401073?
401064
In base 9, what is -1641 + 70?
-1561
In base 3, what is -200021121 + 1100?
-200020021
In base 7, what is 210466 + -2?
210464
In base 2, what is -10011 + 110100000?
110001101
In base 9, what is -17238 - -1?
-17237
In base 2, what is 110011100010101 - 1101000?
110011010101101
In base 11, what is 36914 - -4?
36918
In base 3, what is 122000220 - -1001?
122001221
In base 5, what is 130342 + 20?
130412
In base 7, what is -4 - 113402?
-113406
In base 15, what is 67 + 4364?
43cb
In base 14, what is -1d + -cc7?
-d06
In base 4, what is -10 - 1013113?
-1013123
In base 13, what is a747 + 1?
a748
In base 13, what is 455 - 90?
395
In base 6, what is -2 - -55153?
55151
In base 15, what is 2 - 3a58d?
-3a58b
In base 4, what is -1 - 20323100?
-20323101
In base 7, what is 12 + -351?
-336
In base 14, what is -5 + -d451?
-d456
In base 11, what is 31086 + -16?
31070
In base 12, what is 1260 - -82?
1322
In base 6, what is -5 - 2011?
-2020
In base 10, what is 135 + -535?
-400
In base 5, what is 14441 + 242?
20233
In base 7, what is -56533 - 146?
-60012
In base 4, what is -10 - -1330002?
1323332
In base 11, what is 1635 + 46?
1680
In base 2, what is 1000 + -10000110000?
-10000101000
In base 5, what is -1110310 - -3?
-1110302
In base 4, what is -22132 + 2322?
-13210
In base 14, what is 1c0891 - 3?
1c088c
In base 16, what is -7648 - 3?
-764b
In base 2, what is 1100110110001100 - -11?
1100110110001111
In base 11, what is -10644 - 8?
-10651
In base 3, what is 1011220120 - -11?
1011220201
In base 3, what is 1221 - 100002101?
-100000110
In base 13, what is 2ba - -217?
504
In base 13, what is 414 - -21?
435
In base 7, what is -4 - 24044?
-24051
In base 7, what is 10165 + 35?
10233
In base 10, what is -1074 - -519?
-555
In base 6, what is 0 + -133203?
-133203
In base 13, what is 40 - 797?
-757
In base 16, what is -9 + -131e?
-1327
In base 12, what is 295 + -135a?
-1085
In base 4, what is 303222101 + 10?
303222111
In base 3, what is 20022121 + -221?
20021200
In base 2, what is -1001 + -101100111111110?
-101101000000111
In base 16, what is -5 - 697a0?
-697a5
In base 14, what is -62a - 19?
-645
In base 6, what is 5 + -111004?
-110555
In base 2, what is -11 + 11101100000?
11101011101
In base 6, what is 2011 + -1532?
35
In base 10, what is -2 - -13644?
13642
In base 11, what is 7 - 12666?
-1265a
In base 6, what is 1441 + -1335?
102
In base 12, what is -1292 + -b2?
-1384
In base 8, what is -4 + -313546?
-313552
In base 14, what is -6 - 47288?
-47290
In base 5, what is 10200 + 23?
10223
In base 4, what is 20223111223 - -11?
20223111300
In base 12, what is -107 + -72?
-179
In base 5, what is -14044432 + 3?
-14044424
In base 2, what is 1 + 10000111111010100?
10000111111010101
In base 6, what is -300451 + 3?
-300444
In base 12, what is 91902 + -3?
918bb
In base 11, what is -118 - -a8?
-20
In base 4, what is 233 + -13110?
-12211
In base 6, wha